ase 8.
-1404
What is 6 (base 15) in base 12?
6
What is -2db6 (base 16) in base 12?
-6932
18375 (base 9) to base 14
48b6
Convert 11a74 (base 11) to base 5.
1023023
Convert 3b3c (base 13) to base 11.
6429
3132123 (base 4) to base 8
33633
14525 (base 6) to base 15
a72
What is -20000220 (base 3) in base 14?
-1862
Convert 1111330 (base 4) to base 14.
200c
110222 (base 3) to base 13
20c
Convert 134 (base 6) to base 5.
213
Convert 2151 (base 10) to base 5.
32101
-5554 (base 11) to base 15
-227e
-1221 (base 7) to base 16
-1c8
What is 7db (base 14) in base 10?
1565
Convert -43559 (base 10) to base 11.
-2a7aa
What is -3316 (base 7) in base 8?
-2245
3157 (base 10) to base 4
301111
-10010011001011 (base 2) to base 11
-7093
What is -1c61 (base 13) in base 9?
-5812
What is -9a62 (base 12) in base 7?
-100520
Convert 16699 (base 12) to base 7.
162354
What is -111110100000 (base 2) in base 11?
-3007
Convert -1312110 (base 4) to base 6.
-55020
-77a (base 15) to base 13
-a00
What is 5466 (base 7) in base 15?
8a9
475 (base 8) to base 2
100111101
-1269 (base 12) to base 4
-200301
Convert -2241 (base 5) to base 12.
-229
What is 5a9 (base 11) in base 10?
724
1059 (base 10) to base 14
559
What is -202120 (base 3) in base 9?
-676
What is 2480 (base 11) in base 4?
302202
21302 (base 4) to base 15
2bb
What is -16729 (base 11) in base 6?
-300453
7383 (base 11) to base 5
303041
What is -1578 (base 11) in base 8?
-3745
-22111210 (base 3) to base 10
-6204
Convert -2655 (base 16) to base 4.
-2121111
Convert 34131 (base 9) to base 7.
123130
What is -10000101011010 (base 2) in base 3?
-102201020
Convert -1212001 (base 3) to base 12.
-947
334211 (base 6) to base 15
8524
Convert 3031 (base 9) to base 5.
32330
What is 462 (base 8) in base 3?
102100
Convert 40 (base 9) to base 4.
210
7b1d (base 16) to base 2
111101100011101
What is 331 (base 10) in base 6?
1311
What is 2538 (base 10) in base 15?
b43
What is 14815 (base 12) in base 9?
43468
What is 6444 (base 15) in base 16?
52de
Convert 789 (base 10) to base 15.
379
What is 1481 (base 13) in base 2?
101110100010
1022010 (base 3) to base 4
32310
What is 1100000101010101 (base 2) in base 4?
30011111
What is c5b (base 14) in base 11?
1912
-3d47 (base 14) to base 16
-2a5b
Convert -8848 (base 12) to base 16.
-3ab8
10100011001110 (base 2) to base 15
3166
-156 (base 13) to base 6
-1040
What is -3392 (base 14) in base 15?
-29b8
Convert -106 (base 7) to base 2.
-110111
Convert -44628 (base 9) to base 8.
-71750
What is -6d3 (base 15) in base 7?
-4341
9993 (base 14) to base 13
c144
What is -7ab6 (base 12) in base 2?
-11010101101010
Convert 41306 (base 8) to base 3.
212110010
What is -2004 (base 8) in base 7?
-2666
Convert 14613 (base 7) to base 16.
fed
Convert 284 (base 16) to base 13.
3a7
What is 36336 (base 11) in base 12?
26333
Convert -122032 (base 4) to base 16.
-68e
What is 173b (base 12) in base 11?
2100
Convert -1000220 (base 3) to base 11.
-625
What is 101515 (base 7) in base 4?
10033333
10355 (base 6) to base 15
65e
What is 2994 (base 16) in base 12?
61b0
2066 (base 9) to base 5
22033
1011100110000 (base 2) to base 7
23210
What is 1 (base 8) in base 10?
1
What is 19361 (base 10) in base 8?
45641
-4126 (base 7) to base 14
-74d
Convert -22a (base 14) to base 11.
-361
Convert 164 (base 14) to base 16.
11c
What is 8076 (base 14) in base 13?
a068
What is -33624 (base 8) in base 6?
-145512
1716 (base 14) to base 15
135b
What is 32233 (base 4) in base 5?
12233
1503 (base 9) to base 12
7a9
-11000001111 (base 2) to base 3
-2010110
Convert -1010001011 (base 2) to base 13.
-3b1
What is 1125 (base 14) in base 12?
1879
-28f9 (base 16) to base 8
-24371
-2477 (base 8) to base 9
-1752
Convert -5452 (base 10) to base 9.
-7427
243 (base 14) to base 5
3301
-23111 (base 5) to base 9
-2240
-7d (base 14) to base 6
-303
What is -1759 (base 12) in base 6?
-20553
What is -211212 (base 3) in base 9?
-755
What is -2322 (base 6) in base 16?
-22a
What is 322331 (base 4) in base 13?
1943
What is 940 (base 14) in base 9?
2442
What is -435233 (base 6) in base 3?
-1211121110
-1103 (base 5) to base 3
-12200
What is 2330 (base 8) in base 7?
3421
-1251 (base 6) to base 11
-270
What is 40310 (base 5) in base 7?
10344
Convert 19b (base 12) to base 13.
173
25da (base 14) to base 9
10120
What is 106 (base 13) in base 2?
10101111
What is -51332 (base 9) in base 11?
-23443
Convert -862 (base 11) to base 16.
-40c
-9539 (base 10) to base 6
-112055
What is -1211212020 (base 3) in base 16?
-8dfc
Convert -1000111011001 (base 2) to base 12.
-2789
Convert -a4a (base 15) to base 6.
-14424
-206 (base 13) to base 9
-422
Convert -6465 (base 7) to base 14.
-ba5
3542 (base 7) to base 14
692
Convert -887 (base 14) to base 6.
-11451
Convert d01 (base 14) to base 2.
100111110101
What is -350 (base 13) in base 12?
-3b8
1212202 (base 3) to base 9
1782
212220 (base 3) to base 15
2d0
-359 (base 13) to base 15
-28b
What is -753 (base 12) in base 3?
-1110200
-52d1 (base 15) to base 6
-213041
Convert -24444 (base 6) to base 2.
-111000101100
What is 6861 (base 10) in base 2?
1101011001101
1168 (base 9) to base 11
723
Convert -31340 (base 6) to base 16.
-108c
What is 3512 (base 11) in base 4?
1020003
-4a0 (base 14) to base 6
-4140
What is b48 (base 12) in base 9?
2222
23010 (base 6) to base 15
e66
What is -25023 (base 14) in base 9?
-147227
Convert 198e (base 15) to base 5.
134114
What is -41462 (base 7) in base 8?
-23713
What is 32a (base 15) in base 6?
3151
Convert 41031 (base 5) to base 4.
221101
What is 33112 (base 5) in base 12?
13a2
1e77 (base 16) to base 6
100035
What is -111201112 (base 3) in base 10?
-10004
What is 33aa (base 12) in base 14?
2146
What is 3670 (base 8) in base 4?
132320
What is -324b (base 16) in base 7?
-52352
Convert 10100220 (base 3) to base 9.
3326
-3024 (base 5) to base 16
-185
11617 (base 8) to base 7
20412
2 (base 4) to base 6
2
What is 324 (base 6) in base 3?
11121
11111 (base 2) to base 9
34
Convert -17114 (base 8) to base 4.
-1321030
What is 1323 (base 7) in base 6?
2203
What is b99 (base 12) in base 2?
11010100101
Convert 2023333 (base 4) to base 12.
5227
1867 (base 11) to base 12
1458
Convert -19d1 (base 16) to base 6.
-50333
-353 (base 10) to base 8
-541
What is b6 (base 13) in base 16?
95
What is -1327 (base 8) in base 12?
-507
Convert -4b2 (base 12) to base 8.
-1306
What is -2340 (base 12) in base 14?
-1612
43230 (base 6) to base 3
22010100
What is 8845 (base 11) in base 12?
6901
What is 320 (base 11) in base 10?
385
Convert -2c0 (base 13) to base 8.
-756
-3122 (base 4) to base 10
-218
Convert -1067 (base 14) to base 9.
-3800
4201 (base 10) to base 8
10151
1a71 (base 12) to base 9
4414
What is -7c (base 13) in base 10?
-103
-228 (base 14) to base 11
-35a
100111101001 (base 2) to base 4
213221
-1103022 (base 5) to base 2
-100101011000001
Convert 1112100 (base 3) to base 4.
101130
-3023 (base 4) to base 16
-cb
What is -803 (base 11) in base 2?
-1111001011
What is 3812 (base 9) in base 11?
2158
What is -a01c (base 13) in base 8?
-52753
Convert -37511 (base 11) to base 8.
-151141
Convert 2061 (base 13) to base 5.
120343
-2717 (base 11) to base 7
-13166
-48ca (base 15) to base 13
-7087
-371c (base 16) to base 4
-3130130
Convert 110001110011100 (base 2) to base 7.
134226
5de (base 15) to base 6
10102
Convert 100101 (base 4) to base 8.
2021
-531554 (base 6) to base 4
-22202332
3140 (base 5) to base 7
1140
736 (base 8) to base 7
1252
Convert -52035 (base 6) to base 5.
-210220
-110661 (base 8) to base 3
-1220011101
Convert 1177 (base 14) to base 16.
be5
b (base 16) to base 9
12
Convert -443 (base 8) to base 16.
-123
-10622 (base 8) to base 2
-1000110010010
What is -301122 (base 4) in base 12?
-19b6
Convert -30303 (base 5) to base 4.
-132201
What is 100001011000 (base 2) in base 7?
6141
-13649 (base 10) to base 14
-4d8d
What is -cc (base 16) in base 14?
-108
-1157 (base 14) to base 15
-d62
What is -110105 (base 6) in base 5?
-242423
-a10 (base 11) to base 14
-633
What is -35131 (base 6) in base 4?
-1032133
What is 4c6 (base 14) in base 4?
32332
What is 21130 (base 4) in base 3?
211101
Convert -1541 (base 7) to base 13.
-386
What is -700 (base 14) in base 2?
-10101011100
1223 (base 8) to base 9
812
Convert -2210 (base 16) to base 2.
-10001000010000
-5566 (base 7) 